9*o - 4, -3*o = -h - 3. Suppose h = 2*v - 5*z - 1894, 7*z = 4*z. What is the units digit of v?
7
Suppose 2*j + x - 99 = -20, 0 = 5*j + 3*x - 197. Suppose -21 = -j*z + 9099. What is the units digit of z?
8
Let i(m) = m**2 + 10*m + 24. Let g be i(-13). Let z(s) = s**3 + 3*s**2 + 2*s + 2. Let r be z(-2). Let o = r + g. What is the tens digit of o?
6
Suppose -2*v + 8 = -2, 0 = r - 3*v + 11. What is the hundreds digit of (-4 + 1119)*(r/20 + 0)?
2
Suppose -4*k + 474 = 2*k. Suppose 4*h - 910 = -9*h. Let d = h + k. What is the units digit of d?
9
Suppose 4*g = d + 5, -3*g + d = -2 - 3. Suppose g = -3*m + 300 + 1173. What is the units digit of m?
1
Suppose 0 = -10*z + 22*z - 180. Suppose -z*y = -3*r - 19*y + 900, -y = 0. What is the tens digit of r?
0
Let j be (2 - 1)/(-6*1/(-54)). Suppose 0 = j*v + 310 - 1687. What is the hundreds digit of v?
1
Let h = 252 - 241. Suppose -4*k + h*z - 7*z + 1976 = 0, 2461 = 5*k + 4*z. What is the units digit of k?
3
Suppose -42*i + 648742 + 480176 = 0. What is the thousands digit of i?
6
Let f(a) = -a**2 - 9*a - 15. Let m be f(-7). Let t(v) = 1 + 18*v**2 + 2*v + 12*v**2 + 107*v**2. What is the tens digit of t(m)?
3
What is the units digit of (-2)/(8/(-25458)) + 8/(-16)?
4
Let u(r) = 10*r**2 + 11*r - 23. Let o be u(12). Suppose 2*s - 382 = -z, s = z - 5*z + o. What is the units digit of z?
8
Let m = 17 + -15. Suppose m*x - 5 - 5 = 0, 0 = 5*t - 4*x. Suppose 5*k - 18 = t*k + 4*z, 0 = 4*z - 20. What is the units digit of k?
8
Suppose 6*g = 71*g - 390550 - 231565. What is the thousands digit of g?
9
What is the units digit of 3/((-110)/(-1265) + (-10034)/116978)?
3
Suppose 3*f = -3*b + 18, 3*b + 1 = 4*f - 2. Let s(z) be the first derivative of 22*z**2 - 10*z + 947. What is the hundreds digit of s(f)?
1
Suppose -n + 80242 = 2*q, -3*q + 182847 = -5*n + 62523. What is the thousands digit of q?
0
Let d(f) = 7366*f + 2510. What is the hundreds digit of d(2)?
2
What is the hundreds digit of (-3866)/(-8) - 2 - (9 + (-245)/28)?
4
Let a(u) = u**2 + 20*u - 11. Suppose -4*p + 46 - 18 = 0. What is the hundreds digit of a(p)?
1
Let v(l) = l**2 + 938. What is the hundreds digit of v(-53)?
7
Suppose -5*y + 5*g + 40949 + 55106 = 0, 2*g = -2*y + 38398. What is the units digit of y?
5
Let m = -39 - -43. Suppose 3*c + 4*f = -2, f = m*f + 15. Suppose -54 = -i - 2*t, -2*i + c*t - 3*t = -115. What is the units digit of i?
6
Suppose 2*h - 5*h + 4*a = -5, 5*a + 5 = 4*h. Let k be 2/h - 48/5. What is the units digit of (46/8)/(k/(-40))?
3
Let y = 23860 - 18120. What is the thousands digit of y?
5
Let l be (2 - (-28)/(-8))*(-4)/3. Suppose 5*s = 3*u - u + 2, -24 = -l*s - 5*u. Suppose -s*v - 43 = -265. What is the hundreds digit of v?
1
What is the units digit of ((6/(-16))/(108/(-720)))/((-2)/(-13128))?
0
Let l be (-30680)/(-30) + 4/12. Suppose 22*g = 33*g - l. What is the tens digit of g?
9
Let b(i) = i**2 - 2*i - 39. Let a = 55 + -38. Let x be b(a). What is the tens digit of x/9 + -1 + 1?
2
Let t be 0/(-15) + -1 + -63. Let j be 240/t + 2/(-8). What is the units digit of 1464/(-6)*3/j?
3
Let b be (-34)/306 + 3/(54/46082). Suppose 0 = -7*g + 3*g + 4*i + b, 3*g - 1916 = -i. What is the hundreds digit of g?
6
Suppose 7071 = 2*u + q, 4*u - 15492 = -4*q - 1348. What is the hundreds digit of u?
5
Let o = -325 + 325. Suppose 216*p - 197*p - 27151 = o. What is the tens digit of p?
2
Let k(f) = f**3 + 8*f**2 + 2. Let u be k(-8). Suppose -2*j - 2*q + 8 = 0, -5*j + 20 = -0*q + u*q. Suppose j*n = -n + 290. What is the tens digit of n?
5
Let h be (-1)/3 - (-35488)/48. Suppose -10925 = -11*l - h. What is the units digit of l?
6
Suppose 2*p + v = -10, v + 1 = 2*p + 15. What is the units digit of (20/p)/((-8)/24)?
0
Suppose 0 = 180*s - 21*s - 1535781. What is the units digit of s?
9
Suppose 32*u = 29*u. Suppose -2*w + 2*a - 28 = -u*a, 0 = 4*w + a + 46. What is the tens digit of (w/(-9))/(-2) - (-472)/24?
1
Suppose -4*l - 1 = 4*p + 3, -5*l + 7 = p. Suppose 10 = l*n, -o = 4*o + 5*n + 1005. Let b = o - -443. What is the units digit of b?
7
Suppose 0 = 5*n + 3*y + 1180 + 1065, -4*n = -3*y + 1769. Suppose 167 + 353 = -2*x. Let q = x - n. What is the hundreds digit of q?
1
Suppose v = -2*i + 6576, -13*v - 2*i = -18*v + 32868. What is the tens digit of v?
7
Let s(z) = 12*z - 89. Let j be s(8). Suppose -j*v + v + 1962 = 0. What is the units digit of v?
7
Suppose -f - 22 = 4*u + 15, 4*f - 2*u + 58 = 0. Let i be ((-31)/(-3))/(-2 + f/(-9)). Let g = i + 108. What is the tens digit of g?
1
Let w(c) = 48*c**2 - 20*c + 1. Let l(z) = -z**2 - 42*z + 92. Let h be l(-44). What is the units digit of w(h)?
9
Let y(w) = -2 + 108*w**3 + 14*w + 163*w**3 - 6*w - 6*w + 43*w**3. What is the hundreds digit of y(1)?
3
Let y(r) = -23*r**2 - r + 3. Let d(o) = 70*o**2 + 2*o - 8. Let b(h) = 5*d(h) + 14*y(h). Let q be b(2). Let x = q - -110. What is the hundreds digit of x?
2
Let u = 113883 - 70304. What is the ten thousands digit of u?
4
Suppose -3*s = 2*z + 690, -z - 3*s = -5*z - 1416. Let r = z + 633. What is the units digit of r?
2
Suppose -2*v + 4*v = 6. Let m(o) = -o**3 - 11*o**2 - 12*o - 7. Let r be m(-10). Suppose -r*a + 350 = -v*a. What is the units digit of a?
5
Let l = 18136 - 9251. What is the thousands digit of l?
8
Let o(h) = -2*h - 1. Let s(k) = -3*k - 1. Let v(x) = -5*o(x) + 2*s(x). Let t be v(3). Suppose 2*p = -5 + t, -5*p = 3*l - 586. What is the tens digit of l?
8
Let x = 81443 + -29955. What is the ten thousands digit of x?
5
Suppose 21*k - 24*k = -1245. Let a = -22 + k. Suppose -5*h = -2*d + a, 2*d + 0*d = 4*h + 398. What is the tens digit of d?
0
What is the hundreds digit of (-187)/(-66) - 2 - (-1)/(18/412707)?
9
Suppose 2*k - 5*t - 1111 = -10*t, -3*t + 15 = 0. Suppose -2073 = -2*w - k. What is the tens digit of w?
6
Let q(t) = 217*t - 721. What is the hundreds digit of q(33)?
4
Let u(a) = 118*a - 1. Let m be u(2). Suppose 66*x = 61*x + m. Let g = x + -43. What is the units digit of g?
4
Let p(s) = 27*s**2 - 16. Let k be p(4). Let h = 1779 - k. What is the tens digit of h?
6
Let d(o) = 1350*o**2 + 72*o - 182. What is the hundreds digit of d(7)?
4
Let q(y) = y**2 - 60*y - 779. What is the units digit of q(77)?
0
Let u(d) = -575*d + 109. Let c be u(-5). Suppose c = -11*k + 15*k. What is the units digit of k?
6
Let l(u) = -14*u - 54. Let s be l(-10). Suppose 140 = -0*p - 4*p. Let c = s + p. What is the units digit of c?
1
Let q(b) = 175 + 4642*b + 4617*b - 9239*b. What is the units digit of q(20)?
5
Suppose 21*f + 130002 = 24*f + i, 86693 = 2*f + 9*i. What is the hundreds digit of f?
3
Suppose 7*g + 0*g + 6930 = 4*l, -2*g = 2*l - 3498. What is the thousands digit of l?
1
Let p = -3055 - -5542. Let b = p - 1413. What is the hundreds digit of b?
0
Let l(f) = -2*f**3 - 8*f**2 - 10*f + 4. Let c be l(-3). Suppose 0 = -11*r + c*r - x - 4308, 3*x = -5*r + 4296. What is the tens digit of r?
6
What is the thousands digit of 110/440 + (-42630)/(-8)?
5
Suppose 6*j + 400 = j. Let y = j - -88. Suppose y*g = 61 + 323. What is the tens digit of g?
4
Let w(r) = 51*r**3 - 11*r**2 + 5*r - 4. What is the hundreds digit of w(4)?
1
Let m(r) = 33*r + 1. Let l be m(6). Let t = -68 + -26. Let b = t + l. What is the units digit of b?
5
Let x = 93597 - 63077. What is the units digit of 56/364 - (x/(-26) - 0)?
4
Suppose 4*w - 34*n - 85 = -39*n, 2*n + 6 = 0. Suppose w*p = 29*p - 3288. What is the tens digit of p?
2
Suppose 2*f = 5*f - 2*k + 43, 2*f - k + 27 = 0. Let l = f + 20. Suppose -l*g = -13*g + 2*z + 16, -4*g + 4*z = -24. What is the units digit of g?
2
Let c = 3262 - 2933. What is the units digit of c?
9
Suppose 0 = 16*u - 12*u + 15*u. Suppose -15*t + 17*t = 4*h + 1326, -4*t + h + 2617 = u. What is the tens digit of t?
5
Suppose 5*x - 31605 = -5*p, -130*p + 132*p = 6*x - 37958. What is the hundreds digit of x?
3
Suppose -2*l = -h + 2, -2*h - l + 6 = h. Let m be (-4818)/(-88) - h/(-8). Let t = m - 14. What is the units digit of t?
1
Let k be -4*(12/4 + -2). Let a be (-1)/k + 3/((-36)/(-417)). Suppose 2*o = 2*j + a + 109, 0 = o + 5*j - 48. What is the tens digit of o?
6
Let g be 2 - -4*(4/8)/(-1). Suppose r + 154 + 2 = g. Let n = -70 - r. What is the tens digit of n?
8
Suppose -35*m + 38*m - 3*d = 19488, -5*m - 2*d + 32508 = 0. What is the units digit of m?
0
Suppose 0*s = -4*s. Suppose 0 = -6*i -